{"id":6,"date":"2012-08-30T16:49:51","date_gmt":"2012-08-30T14:49:51","guid":{"rendered":"http:\/\/www.mader-apparatebau.de\/metall\/?page_id=6"},"modified":"2019-04-05T14:37:20","modified_gmt":"2019-04-05T12:37:20","slug":"uber-uns","status":"publish","type":"page","link":"https:\/\/www.mader-apparatebau.de\/metall\/uber-uns\/","title":{"rendered":"Ihr Spezialist f\u00fcr den Anlagenbau"},"content":{"rendered":"<p><\/p>\n<h2>RoggeTec Mader GmbH hat \u00fcber 90 Jahre Erfahrung im <a title=\"Anlagenbau\" href=\"http:\/\/www.mader-apparatebau.de\/metall\/anlagenbau\/\">Beh\u00e4lterbau, Apparatebau und Anlagenbau.<\/a><\/h2>\n<p>In den Betriebsgeb\u00e4uden in Wennigsen bei Hannover produzieren wir <a title=\"Beh\u00e4lter aller Art\" href=\"http:\/\/www.mader-apparatebau.de\/metall\/behalter-aller-art\/\">Beh\u00e4lter<\/a>\u00a0aus Edelstahl und Tanks f\u00fcr die <a title=\"Chemie-Industrie\" href=\"http:\/\/www.mader-apparatebau.de\/metall\/chemie-industrie\/\">Chemie-<\/a>, <a title=\"Pharmaindustrie\" href=\"http:\/\/www.mader-apparatebau.de\/metall\/pharmaindustrie\/\">Pharma-<\/a>, <a title=\"Lebensmittelindustrie\" href=\"http:\/\/www.mader-apparatebau.de\/metall\/leistungen-2\/lebensmittelindustrie\/\">Lebensmittel- und Brauerei-Industrie<\/a>.<\/p>\n<p>Unser <a title=\"Leistungen\" href=\"http:\/\/www.mader-apparatebau.de\/metall\/leistungen-2\/\">Leistungsspektrum<\/a> umfasst WHG-Beh\u00e4lter, <a href=\"http:\/\/www.mader-apparatebau.de\/metall\/leistungen-2\/druckbehalter\/\">Druckgef\u00e4\u00dfe<\/a> nach HPO und\u00a0Pharmabeh\u00e4lter\u00a0sowie Spezialanfertigungen aus Edelstahl.\u00a0<span class=\"s1\">Unsere Fertigungsm\u00f6glichkeiten f\u00fcr individuelle <a href=\"http:\/\/www.mader-apparatebau.de\/metall\/behalter-aller-art\/\">Spezialbeh\u00e4lter<\/a> sind nahezu unbegrenzt. In jeder Branche gibt es andere Vorgaben und Normen, die zwingend einzuhalten sind.\u00a0<\/span><strong><span class=\"s1\">Auf unsere langj\u00e4hrige Erfahrung, gerade in der Lebensmittelindustrie, in der Chemie- und Pharmaindustrie, k\u00f6nnen Sie dabei z\u00e4hlen.<\/span><\/strong><\/p>\n<h3>Wir produzieren nach eigenen Konstruktionen oder nach Ihren Zeichnungen.<\/h3>\n<p class=\"p1\"><span class=\"s1\">Wir sind ein Fachbetrieb nach \u00a7 19 WHG.\u00a0<\/span><span class=\"s1\">S\u00e4mtliche Schwei\u00dfverbindungen werden von gepr\u00fcften Schwei\u00dfern im WIG bzw. MIG\/Mag-Verfahren durchgef\u00fchrt.\u00a0<\/span><span class=\"s1\">Selbstverst\u00e4ndlich wird am fertigen Produkt eine Endkontrolle mit Pr\u00fcfungen der Massgenauigkeiten, Pr\u00fcfungen auf Dichtheit, und Oberfl\u00e4chenmessungen durchgef\u00fchrt , die vom T\u00dcV Nord \u00fcberwacht werden.<br \/>\n<\/span><span class=\"s1\">Diese Kontrollen gehen in die Enddokumentation ein.\u00a0<\/span><\/p>\n<p>Profitieren Sie von unserem\u00a0Know-How im Anlagenbau f\u00fcr die Getr\u00e4nke-, Nahrungsmittel-, die chemische und pharmazeutische Industrie.<\/p>\n<h3>Wir beraten Sie gerne in der Planung komplexer Fertigungsanlagen.<\/h3>\n<div data-carousel-extra='{\"blog_id\":1,\"permalink\":\"https:\\\/\\\/www.mader-apparatebau.de\\\/metall\\\/uber-uns\\\/\"}' id='gallery-1' class='gallery galleryid-6 gallery-columns-2 gallery-size-medium'><figure class='gallery-item'>\n\t\t\t<div class='gallery-icon landscape'>\n\t\t\t\t<img width=\"300\" height=\"170\" src=\"https:\/\/www.mader-apparatebau.de\/metall\/wp-content\/uploads\/2012\/08\/Bildschirmfoto-2014-03-26-um-09.33.52-300x170.png\" class=\"attachment-medium size-medium\" alt=\"R\u00fchrwerksbeh\u00e4lter Edelstahl\" loading=\"lazy\" aria-describedby=\"gallery-1-535\" srcset=\"https:\/\/www.mader-apparatebau.de\/metall\/wp-content\/uploads\/2012\/08\/Bildschirmfoto-2014-03-26-um-09.33.52-300x170.png 300w, https:\/\/www.mader-apparatebau.de\/metall\/wp-content\/uploads\/2012\/08\/Bildschirmfoto-2014-03-26-um-09.33.52-332x189.png 332w, https:\/\/www.mader-apparatebau.de\/metall\/wp-content\/uploads\/2012\/08\/Bildschirmfoto-2014-03-26-um-09.33.52.png 553w\" sizes=\"(max-width: 300px) 100vw, 300px\" data-attachment-id=\"535\" data-permalink=\"https:\/\/www.mader-apparatebau.de\/metall\/?attachment_id=535\" data-orig-file=\"https:\/\/www.mader-apparatebau.de\/metall\/wp-content\/uploads\/2012\/08\/Bildschirmfoto-2014-03-26-um-09.33.52.png\" data-orig-size=\"553,315\" data-comments-opened=\"1\" data-image-meta=\"{&quot;aperture&quot;:&quot;0&quot;,&quot;credit&quot;:&quot;&quot;,&quot;camera&quot;:&quot;&quot;,&quot;caption&quot;:&quot;&quot;,&quot;created_timestamp&quot;:&quot;0&quot;,&quot;copyright&quot;:&quot;&quot;,&quot;focal_length&quot;:&quot;0&quot;,&quot;iso&quot;:&quot;0&quot;,&quot;shutter_speed&quot;:&quot;0&quot;,&quot;title&quot;:&quot;&quot;}\" data-image-title=\"R\u00fchrwerk\" data-image-description=\"&lt;p&gt;R\u00fchrwerksbeh\u00e4lter aus Edelstahl in der Firma roggetec mader gmbh&lt;\/p&gt;\n\" data-image-caption=\"&lt;p&gt;R\u00fchrwerksbeh\u00e4lter Edelstahl&lt;\/p&gt;\n\" data-medium-file=\"https:\/\/www.mader-apparatebau.de\/metall\/wp-content\/uploads\/2012\/08\/Bildschirmfoto-2014-03-26-um-09.33.52-300x170.png\" data-large-file=\"https:\/\/www.mader-apparatebau.de\/metall\/wp-content\/uploads\/2012\/08\/Bildschirmfoto-2014-03-26-um-09.33.52.png\" \/>\n\t\t\t<\/div>\n\t\t\t\t<figcaption class='wp-caption-text gallery-caption' id='gallery-1-535'>\n\t\t\t\tR\u00fchrwerksbeh\u00e4lter Edelstahl\n\t\t\t\t<\/figcaption><\/figure><figure class='gallery-item'>\n\t\t\t<div class='gallery-icon landscape'>\n\t\t\t\t<img width=\"300\" height=\"180\" src=\"https:\/\/www.mader-apparatebau.de\/metall\/wp-content\/uploads\/2013\/12\/beh\u00e4lter-au\u00dfen-300x180.jpg\" class=\"attachment-medium size-medium\" alt=\"Beh\u00e4lter aus Edelstahl\" loading=\"lazy\" aria-describedby=\"gallery-1-479\" srcset=\"https:\/\/www.mader-apparatebau.de\/metall\/wp-content\/uploads\/2013\/12\/beh\u00e4lter-au\u00dfen-300x180.jpg 300w, https:\/\/www.mader-apparatebau.de\/metall\/wp-content\/uploads\/2013\/12\/beh\u00e4lter-au\u00dfen-332x199.jpg 332w, https:\/\/www.mader-apparatebau.de\/metall\/wp-content\/uploads\/2013\/12\/beh\u00e4lter-au\u00dfen.jpg 600w\" sizes=\"(max-width: 300px) 100vw, 300px\" data-attachment-id=\"479\" data-permalink=\"https:\/\/www.mader-apparatebau.de\/metall\/?attachment_id=479\" data-orig-file=\"https:\/\/www.mader-apparatebau.de\/metall\/wp-content\/uploads\/2013\/12\/beh\u00e4lter-au\u00dfen.jpg\" data-orig-size=\"600,360\" data-comments-opened=\"1\" data-image-meta=\"{&quot;aperture&quot;:&quot;0&quot;,&quot;credit&quot;:&quot;&quot;,&quot;camera&quot;:&quot;&quot;,&quot;caption&quot;:&quot;&quot;,&quot;created_timestamp&quot;:&quot;0&quot;,&quot;copyright&quot;:&quot;&quot;,&quot;focal_length&quot;:&quot;0&quot;,&quot;iso&quot;:&quot;0&quot;,&quot;shutter_speed&quot;:&quot;0&quot;,&quot;title&quot;:&quot;&quot;}\" data-image-title=\"beh\u00e4lter-au\u00dfen\" data-image-description=\"&lt;p&gt;Beh\u00e4lter aus Edelstahl &lt;\/p&gt;\n\" data-image-caption=\"&lt;p&gt;Edelstahlbeh\u00e4lter&lt;\/p&gt;\n\" data-medium-file=\"https:\/\/www.mader-apparatebau.de\/metall\/wp-content\/uploads\/2013\/12\/beh\u00e4lter-au\u00dfen-300x180.jpg\" data-large-file=\"https:\/\/www.mader-apparatebau.de\/metall\/wp-content\/uploads\/2013\/12\/beh\u00e4lter-au\u00dfen.jpg\" \/>\n\t\t\t<\/div>\n\t\t\t\t<figcaption class='wp-caption-text gallery-caption' id='gallery-1-479'>\n\t\t\t\tEdelstahlbeh\u00e4lter\n\t\t\t\t<\/figcaption><\/figure><figure class='gallery-item'>\n\t\t\t<div class='gallery-icon landscape'>\n\t\t\t\t<img width=\"300\" height=\"200\" src=\"https:\/\/www.mader-apparatebau.de\/metall\/wp-content\/uploads\/2015\/10\/fermenter-300x200.jpg\" class=\"attachment-medium size-medium\" alt=\"Fermenter aus Edelstahl\" loading=\"lazy\" aria-describedby=\"gallery-1-638\" srcset=\"https:\/\/www.mader-apparatebau.de\/metall\/wp-content\/uploads\/2015\/10\/fermenter-300x200.jpg 300w, https:\/\/www.mader-apparatebau.de\/metall\/wp-content\/uploads\/2015\/10\/fermenter-332x222.jpg 332w, https:\/\/www.mader-apparatebau.de\/metall\/wp-content\/uploads\/2015\/10\/fermenter.jpg 424w\" sizes=\"(max-width: 300px) 100vw, 300px\" data-attachment-id=\"638\" data-permalink=\"https:\/\/www.mader-apparatebau.de\/metall\/dekompakt-brauanlage\/fermentation-stainless-steel-vats\/\" data-orig-file=\"https:\/\/www.mader-apparatebau.de\/metall\/wp-content\/uploads\/2015\/10\/fermenter.jpg\" data-orig-size=\"424,283\" data-comments-opened=\"1\" data-image-meta=\"{&quot;aperture&quot;:&quot;2.8&quot;,&quot;credit&quot;:&quot;Kondor83 - Fotolia&quot;,&quot;camera&quot;:&quot;DSLR-A900&quot;,&quot;caption&quot;:&quot;Fermentation stainless steel vats in a winery&quot;,&quot;created_timestamp&quot;:&quot;1395837171&quot;,&quot;copyright&quot;:&quot;Kondor83 - Fotolia&quot;,&quot;focal_length&quot;:&quot;24&quot;,&quot;iso&quot;:&quot;800&quot;,&quot;shutter_speed&quot;:&quot;0.033333333333333&quot;,&quot;title&quot;:&quot;Fermentation stainless steel vats&quot;,&quot;orientation&quot;:&quot;1&quot;}\" data-image-title=\"Edelstahl Fermenter\" data-image-description=\"&lt;p&gt;Fermenter aus Edelstahl von der Firma roggetec Mader GmbH&lt;\/p&gt;\n\" data-image-caption=\"&lt;p&gt;Fermenter&lt;\/p&gt;\n\" data-medium-file=\"https:\/\/www.mader-apparatebau.de\/metall\/wp-content\/uploads\/2015\/10\/fermenter-300x200.jpg\" data-large-file=\"https:\/\/www.mader-apparatebau.de\/metall\/wp-content\/uploads\/2015\/10\/fermenter.jpg\" \/>\n\t\t\t<\/div>\n\t\t\t\t<figcaption class='wp-caption-text gallery-caption' id='gallery-1-638'>\n\t\t\t\tFermenter\n\t\t\t\t<\/figcaption><\/figure><figure class='gallery-item'>\n\t\t\t<div class='gallery-icon landscape'>\n\t\t\t\t<img width=\"300\" height=\"180\" src=\"https:\/\/www.mader-apparatebau.de\/metall\/wp-content\/uploads\/2012\/09\/fermenter1-300x180.jpg\" class=\"attachment-medium size-medium\" alt=\"fermenter\" loading=\"lazy\" aria-describedby=\"gallery-1-281\" srcset=\"https:\/\/www.mader-apparatebau.de\/metall\/wp-content\/uploads\/2012\/09\/fermenter1-300x180.jpg 300w, https:\/\/www.mader-apparatebau.de\/metall\/wp-content\/uploads\/2012\/09\/fermenter1-332x199.jpg 332w, https:\/\/www.mader-apparatebau.de\/metall\/wp-content\/uploads\/2012\/09\/fermenter1.jpg 600w\" sizes=\"(max-width: 300px) 100vw, 300px\" data-attachment-id=\"281\" data-permalink=\"https:\/\/www.mader-apparatebau.de\/metall\/fermenter-aus-edelstahl\/cantina-con-botti-in-inox\/\" data-orig-file=\"https:\/\/www.mader-apparatebau.de\/metall\/wp-content\/uploads\/2012\/09\/fermenter1.jpg\" data-orig-size=\"600,360\" data-comments-opened=\"1\" data-image-meta=\"{&quot;aperture&quot;:&quot;8&quot;,&quot;credit&quot;:&quot;Luca Zonch&quot;,&quot;camera&quot;:&quot;Canon EOS 7D&quot;,&quot;caption&quot;:&quot;&quot;,&quot;created_timestamp&quot;:&quot;1299488965&quot;,&quot;copyright&quot;:&quot;zonch - Fotolia&quot;,&quot;focal_length&quot;:&quot;15&quot;,&quot;iso&quot;:&quot;100&quot;,&quot;shutter_speed&quot;:&quot;0.5&quot;,&quot;title&quot;:&quot;cantina con botti in inox&quot;}\" data-image-title=\"fermenter\" data-image-description=\"&lt;p&gt;Fermenter, Firma roggetec Mader gmbh&lt;\/p&gt;\n\" data-image-caption=\"&lt;p&gt;Fermenter&lt;\/p&gt;\n\" data-medium-file=\"https:\/\/www.mader-apparatebau.de\/metall\/wp-content\/uploads\/2012\/09\/fermenter1-300x180.jpg\" data-large-file=\"https:\/\/www.mader-apparatebau.de\/metall\/wp-content\/uploads\/2012\/09\/fermenter1.jpg\" \/>\n\t\t\t<\/div>\n\t\t\t\t<figcaption class='wp-caption-text gallery-caption' id='gallery-1-281'>\n\t\t\t\tFermenter\n\t\t\t\t<\/figcaption><\/figure>\n\t\t<\/div>\n\n<div>\n<h2>RoggeTec Mader GmbH fertigt Edelstahldetails f\u00fcr den privaten und \u00f6ffentlichen Raum<\/h2>\n<p class=\"p1\"><span class=\"s1\">Eine weitere Leistung von RoggeTec Mader GmbH sind <a href=\"http:\/\/www.mader-apparatebau.de\/metall\/privatkunden\/\">Sonderanfertigungen f\u00fcr den privaten Bereich<\/a>, z.B. Edelstahlgel\u00e4nder, Treppen, K\u00fcchenarbeitsplatten aus Edelstahl etc.\u00a0<\/span><\/p>\n<h2>RoggeTec Mader GmbH ist Metall-Dr\u00fcckerei<\/h2>\n<p>Wir sind spezialisiert darauf Edelstahlbleche mit einer Dicke bis 3 mm kalt zu verformen.<\/p>\n<p><span class=\"embed-youtube\" style=\"text-align:center; display: block;\"><iframe loading=\"lazy\" class=\"youtube-player\" width=\"660\" height=\"372\" src=\"https:\/\/www.youtube.com\/embed\/Kp97i7ZeUdM?version=3&#038;rel=1&#038;showsearch=0&#038;showinfo=1&#038;iv_load_policy=1&#038;fs=1&#038;hl=de-DE&#038;autohide=2&#038;wmode=transparent\" allowfullscreen=\"true\" style=\"border:0;\" sandbox=\"allow-scripts allow-same-origin allow-popups allow-presentation\"><\/iframe><\/span><\/p>\n<p><strong>Seit 1928 Metall in Perfektion: Mader Metallverarbeitung- und Apparatebau<br \/>\nist nach der Fusion im M\u00e4rz 2014: RoggeTec Mader GmbH<\/strong><\/p>\n<\/div>\n<p><\/p>\n<div class=\"shariff shariff-align-flex-start shariff-widget-align-flex-start\"><ul class=\"shariff-buttons theme-round orientation-horizontal buttonsize-medium\"><li class=\"shariff-button facebook shariff-nocustomcolor\" style=\"background-color:#4273c8\"><a href=\"https:\/\/www.facebook.com\/sharer\/sharer.php?u=https%3A%2F%2Fwww.mader-apparatebau.de%2Fmetall%2Fuber-uns%2F\" title=\"Bei Facebook teilen\" aria-label=\"Bei Facebook teilen\" role=\"button\" rel=\"nofollow\" class=\"shariff-link\" style=\"; background-color:#3b5998; color:#fff\" target=\"_blank\"><span class=\"shariff-icon\" style=\"\"><svg width=\"32px\" height=\"20px\" xmlns=\"http:\/\/www.w3.org\/2000\/svg\" viewBox=\"0 0 18 32\"><path fill=\"#3b5998\" d=\"M17.1 0.2v4.7h-2.8q-1.5 0-2.1 0.6t-0.5 1.9v3.4h5.2l-0.7 5.3h-4.5v13.6h-5.5v-13.6h-4.5v-5.3h4.5v-3.9q0-3.3 1.9-5.2t5-1.8q2.6 0 4.1 0.2z\"\/><\/svg><\/span><\/a><\/li><li class=\"shariff-button twitter shariff-nocustomcolor\" style=\"background-color:#32bbf5\"><a href=\"https:\/\/twitter.com\/share?url=https%3A%2F%2Fwww.mader-apparatebau.de%2Fmetall%2Fuber-uns%2F&text=Ihr%20Spezialist%20f%C3%BCr%20den%20Anlagenbau\" title=\"Bei Twitter teilen\" aria-label=\"Bei Twitter teilen\" role=\"button\" rel=\"noopener nofollow\" class=\"shariff-link\" style=\"; background-color:#55acee; color:#fff\" target=\"_blank\"><span class=\"shariff-icon\" style=\"\"><svg width=\"32px\" height=\"20px\" xmlns=\"http:\/\/www.w3.org\/2000\/svg\" viewBox=\"0 0 30 32\"><path fill=\"#55acee\" d=\"M29.7 6.8q-1.2 1.8-3 3.1 0 0.3 0 0.8 0 2.5-0.7 4.9t-2.2 4.7-3.5 4-4.9 2.8-6.1 1q-5.1 0-9.3-2.7 0.6 0.1 1.5 0.1 4.3 0 7.6-2.6-2-0.1-3.5-1.2t-2.2-3q0.6 0.1 1.1 0.1 0.8 0 1.6-0.2-2.1-0.4-3.5-2.1t-1.4-3.9v-0.1q1.3 0.7 2.8 0.8-1.2-0.8-2-2.2t-0.7-2.9q0-1.7 0.8-3.1 2.3 2.8 5.5 4.5t7 1.9q-0.2-0.7-0.2-1.4 0-2.5 1.8-4.3t4.3-1.8q2.7 0 4.5 1.9 2.1-0.4 3.9-1.5-0.7 2.2-2.7 3.4 1.8-0.2 3.5-0.9z\"\/><\/svg><\/span><\/a><\/li><li class=\"shariff-button whatsapp shariff-nocustomcolor\" style=\"background-color:#5cbe4a\"><a href=\"https:\/\/api.whatsapp.com\/send?text=https%3A%2F%2Fwww.mader-apparatebau.de%2Fmetall%2Fuber-uns%2F%20Ihr%20Spezialist%20f%C3%BCr%20den%20Anlagenbau\" title=\"Bei Whatsapp teilen\" aria-label=\"Bei Whatsapp teilen\" role=\"button\" rel=\"noopener nofollow\" class=\"shariff-link\" style=\"; background-color:#34af23; color:#fff\" target=\"_blank\"><span class=\"shariff-icon\" style=\"\"><svg width=\"32px\" height=\"20px\" xmlns=\"http:\/\/www.w3.org\/2000\/svg\" viewBox=\"0 0 32 32\"><path fill=\"#34af23\" d=\"M17.6 17.4q0.2 0 1.7 0.8t1.6 0.9q0 0.1 0 0.3 0 0.6-0.3 1.4-0.3 0.7-1.3 1.2t-1.8 0.5q-1 0-3.4-1.1-1.7-0.8-3-2.1t-2.6-3.3q-1.3-1.9-1.3-3.5v-0.1q0.1-1.6 1.3-2.8 0.4-0.4 0.9-0.4 0.1 0 0.3 0t0.3 0q0.3 0 0.5 0.1t0.3 0.5q0.1 0.4 0.6 1.6t0.4 1.3q0 0.4-0.6 1t-0.6 0.8q0 0.1 0.1 0.3 0.6 1.3 1.8 2.4 1 0.9 2.7 1.8 0.2 0.1 0.4 0.1 0.3 0 1-0.9t0.9-0.9zM14 26.9q2.3 0 4.3-0.9t3.6-2.4 2.4-3.6 0.9-4.3-0.9-4.3-2.4-3.6-3.6-2.4-4.3-0.9-4.3 0.9-3.6 2.4-2.4 3.6-0.9 4.3q0 3.6 2.1 6.6l-1.4 4.2 4.3-1.4q2.8 1.9 6.2 1.9zM14 2.2q2.7 0 5.2 1.1t4.3 2.9 2.9 4.3 1.1 5.2-1.1 5.2-2.9 4.3-4.3 2.9-5.2 1.1q-3.5 0-6.5-1.7l-7.4 2.4 2.4-7.2q-1.9-3.2-1.9-6.9 0-2.7 1.1-5.2t2.9-4.3 4.3-2.9 5.2-1.1z\"\/><\/svg><\/span><\/a><\/li><li class=\"shariff-button mailto shariff-nocustomcolor\" style=\"background-color:#a8a8a8\"><a href=\"mailto:?body=https%3A%2F%2Fwww.mader-apparatebau.de%2Fmetall%2Fuber-uns%2F&subject=Ihr%20Spezialist%20f%C3%BCr%20den%20Anlagenbau\" title=\"Per E-Mail versenden\" aria-label=\"Per E-Mail versenden\" role=\"button\" rel=\"noopener nofollow\" class=\"shariff-link\" style=\"; background-color:#999; color:#fff\"><span class=\"shariff-icon\" style=\"\"><svg width=\"32px\" height=\"20px\" xmlns=\"http:\/\/www.w3.org\/2000\/svg\" viewBox=\"0 0 32 32\"><path fill=\"#999\" d=\"M32 12.7v14.2q0 1.2-0.8 2t-2 0.9h-26.3q-1.2 0-2-0.9t-0.8-2v-14.2q0.8 0.9 1.8 1.6 6.5 4.4 8.9 6.1 1 0.8 1.6 1.2t1.7 0.9 2 0.4h0.1q0.9 0 2-0.4t1.7-0.9 1.6-1.2q3-2.2 8.9-6.1 1-0.7 1.8-1.6zM32 7.4q0 1.4-0.9 2.7t-2.2 2.2q-6.7 4.7-8.4 5.8-0.2 0.1-0.7 0.5t-1 0.7-0.9 0.6-1.1 0.5-0.9 0.2h-0.1q-0.4 0-0.9-0.2t-1.1-0.5-0.9-0.6-1-0.7-0.7-0.5q-1.6-1.1-4.7-3.2t-3.6-2.6q-1.1-0.7-2.1-2t-1-2.5q0-1.4 0.7-2.3t2.1-0.9h26.3q1.2 0 2 0.8t0.9 2z\"\/><\/svg><\/span><\/a><\/li><\/ul><\/div>","protected":false},"excerpt":{"rendered":"<p>RoggeTec Mader GmbH hat \u00fcber 90 Jahre Erfahrung im Beh\u00e4lterbau, Apparatebau und Anlagenbau. In den Betriebsgeb\u00e4uden in Wennigsen bei Hannover produzieren wir Beh\u00e4lter\u00a0aus Edelstahl und Tanks f\u00fcr die Chemie-, Pharma-, Lebensmittel- und Brauerei-Industrie. Unser Leistungsspektrum umfasst WHG-Beh\u00e4lter, Druckgef\u00e4\u00dfe nach HPO und\u00a0Pharmabeh\u00e4lter\u00a0sowie Spezialanfertigungen aus Edelstahl.\u00a0Unsere Fertigungsm\u00f6glichkeiten f\u00fcr individuelle Spezialbeh\u00e4lter sind nahezu &#8230;<\/p>\n<div class=\"shariff shariff-align-flex-start shariff-widget-align-flex-start\"><ul class=\"shariff-buttons theme-round orientation-horizontal buttonsize-medium\"><li class=\"shariff-button facebook shariff-nocustomcolor\" style=\"background-color:#4273c8\"><a href=\"https:\/\/www.facebook.com\/sharer\/sharer.php?u=https%3A%2F%2Fwww.mader-apparatebau.de%2Fmetall%2Fuber-uns%2F\" title=\"Bei Facebook teilen\" aria-label=\"Bei Facebook teilen\" role=\"button\" rel=\"nofollow\" class=\"shariff-link\" style=\"; background-color:#3b5998; color:#fff\" target=\"_blank\"><span class=\"shariff-icon\" style=\"\"><svg width=\"32px\" height=\"20px\" xmlns=\"http:\/\/www.w3.org\/2000\/svg\" viewBox=\"0 0 18 32\"><path fill=\"#3b5998\" d=\"M17.1 0.2v4.7h-2.8q-1.5 0-2.1 0.6t-0.5 1.9v3.4h5.2l-0.7 5.3h-4.5v13.6h-5.5v-13.6h-4.5v-5.3h4.5v-3.9q0-3.3 1.9-5.2t5-1.8q2.6 0 4.1 0.2z\"\/><\/svg><\/span><\/a><\/li><li class=\"shariff-button twitter shariff-nocustomcolor\" style=\"background-color:#32bbf5\"><a href=\"https:\/\/twitter.com\/share?url=https%3A%2F%2Fwww.mader-apparatebau.de%2Fmetall%2Fuber-uns%2F&text=Ihr%20Spezialist%20f%C3%BCr%20den%20Anlagenbau\" title=\"Bei Twitter teilen\" aria-label=\"Bei Twitter teilen\" role=\"button\" rel=\"noopener nofollow\" class=\"shariff-link\" style=\"; background-color:#55acee; color:#fff\" target=\"_blank\"><span class=\"shariff-icon\" style=\"\"><svg width=\"32px\" height=\"20px\" xmlns=\"http:\/\/www.w3.org\/2000\/svg\" viewBox=\"0 0 30 32\"><path fill=\"#55acee\" d=\"M29.7 6.8q-1.2 1.8-3 3.1 0 0.3 0 0.8 0 2.5-0.7 4.9t-2.2 4.7-3.5 4-4.9 2.8-6.1 1q-5.1 0-9.3-2.7 0.6 0.1 1.5 0.1 4.3 0 7.6-2.6-2-0.1-3.5-1.2t-2.2-3q0.6 0.1 1.1 0.1 0.8 0 1.6-0.2-2.1-0.4-3.5-2.1t-1.4-3.9v-0.1q1.3 0.7 2.8 0.8-1.2-0.8-2-2.2t-0.7-2.9q0-1.7 0.8-3.1 2.3 2.8 5.5 4.5t7 1.9q-0.2-0.7-0.2-1.4 0-2.5 1.8-4.3t4.3-1.8q2.7 0 4.5 1.9 2.1-0.4 3.9-1.5-0.7 2.2-2.7 3.4 1.8-0.2 3.5-0.9z\"\/><\/svg><\/span><\/a><\/li><li class=\"shariff-button whatsapp shariff-nocustomcolor\" style=\"background-color:#5cbe4a\"><a href=\"https:\/\/api.whatsapp.com\/send?text=https%3A%2F%2Fwww.mader-apparatebau.de%2Fmetall%2Fuber-uns%2F%20Ihr%20Spezialist%20f%C3%BCr%20den%20Anlagenbau\" title=\"Bei Whatsapp teilen\" aria-label=\"Bei Whatsapp teilen\" role=\"button\" rel=\"noopener nofollow\" class=\"shariff-link\" style=\"; background-color:#34af23; color:#fff\" target=\"_blank\"><span class=\"shariff-icon\" style=\"\"><svg width=\"32px\" height=\"20px\" xmlns=\"http:\/\/www.w3.org\/2000\/svg\" viewBox=\"0 0 32 32\"><path fill=\"#34af23\" d=\"M17.6 17.4q0.2 0 1.7 0.8t1.6 0.9q0 0.1 0 0.3 0 0.6-0.3 1.4-0.3 0.7-1.3 1.2t-1.8 0.5q-1 0-3.4-1.1-1.7-0.8-3-2.1t-2.6-3.3q-1.3-1.9-1.3-3.5v-0.1q0.1-1.6 1.3-2.8 0.4-0.4 0.9-0.4 0.1 0 0.3 0t0.3 0q0.3 0 0.5 0.1t0.3 0.5q0.1 0.4 0.6 1.6t0.4 1.3q0 0.4-0.6 1t-0.6 0.8q0 0.1 0.1 0.3 0.6 1.3 1.8 2.4 1 0.9 2.7 1.8 0.2 0.1 0.4 0.1 0.3 0 1-0.9t0.9-0.9zM14 26.9q2.3 0 4.3-0.9t3.6-2.4 2.4-3.6 0.9-4.3-0.9-4.3-2.4-3.6-3.6-2.4-4.3-0.9-4.3 0.9-3.6 2.4-2.4 3.6-0.9 4.3q0 3.6 2.1 6.6l-1.4 4.2 4.3-1.4q2.8 1.9 6.2 1.9zM14 2.2q2.7 0 5.2 1.1t4.3 2.9 2.9 4.3 1.1 5.2-1.1 5.2-2.9 4.3-4.3 2.9-5.2 1.1q-3.5 0-6.5-1.7l-7.4 2.4 2.4-7.2q-1.9-3.2-1.9-6.9 0-2.7 1.1-5.2t2.9-4.3 4.3-2.9 5.2-1.1z\"\/><\/svg><\/span><\/a><\/li><li class=\"shariff-button mailto shariff-nocustomcolor\" style=\"background-color:#a8a8a8\"><a href=\"mailto:?body=https%3A%2F%2Fwww.mader-apparatebau.de%2Fmetall%2Fuber-uns%2F&subject=Ihr%20Spezialist%20f%C3%BCr%20den%20Anlagenbau\" title=\"Per E-Mail versenden\" aria-label=\"Per E-Mail versenden\" role=\"button\" rel=\"noopener nofollow\" class=\"shariff-link\" style=\"; background-color:#999; color:#fff\"><span class=\"shariff-icon\" style=\"\"><svg width=\"32px\" height=\"20px\" xmlns=\"http:\/\/www.w3.org\/2000\/svg\" viewBox=\"0 0 32 32\"><path fill=\"#999\" d=\"M32 12.7v14.2q0 1.2-0.8 2t-2 0.9h-26.3q-1.2 0-2-0.9t-0.8-2v-14.2q0.8 0.9 1.8 1.6 6.5 4.4 8.9 6.1 1 0.8 1.6 1.2t1.7 0.9 2 0.4h0.1q0.9 0 2-0.4t1.7-0.9 1.6-1.2q3-2.2 8.9-6.1 1-0.7 1.8-1.6zM32 7.4q0 1.4-0.9 2.7t-2.2 2.2q-6.7 4.7-8.4 5.8-0.2 0.1-0.7 0.5t-1 0.7-0.9 0.6-1.1 0.5-0.9 0.2h-0.1q-0.4 0-0.9-0.2t-1.1-0.5-0.9-0.6-1-0.7-0.7-0.5q-1.6-1.1-4.7-3.2t-3.6-2.6q-1.1-0.7-2.1-2t-1-2.5q0-1.4 0.7-2.3t2.1-0.9h26.3q1.2 0 2 0.8t0.9 2z\"\/><\/svg><\/span><\/a><\/li><\/ul><\/div>","protected":false},"author":3,"featured_media":0,"parent":0,"menu_order":0,"comment_status":"closed","ping_status":"closed","template":"","meta":{"jetpack_post_was_ever_published":false},"aioseo_notices":[],"jetpack_shortlink":"https:\/\/wp.me\/P2KvkP-6","_links":{"self":[{"href":"https:\/\/www.mader-apparatebau.de\/metall\/wp-json\/wp\/v2\/pages\/6"}],"collection":[{"href":"https:\/\/www.mader-apparatebau.de\/metall\/wp-json\/wp\/v2\/pages"}],"about":[{"href":"https:\/\/www.mader-apparatebau.de\/metall\/wp-json\/wp\/v2\/types\/page"}],"author":[{"embeddable":true,"href":"https:\/\/www.mader-apparatebau.de\/metall\/wp-json\/wp\/v2\/users\/3"}],"replies":[{"embeddable":true,"href":"https:\/\/www.mader-apparatebau.de\/metall\/wp-json\/wp\/v2\/comments?post=6"}],"version-history":[{"count":1,"href":"https:\/\/www.mader-apparatebau.de\/metall\/wp-json\/wp\/v2\/pages\/6\/revisions"}],"predecessor-version":[{"id":1956,"href":"https:\/\/www.mader-apparatebau.de\/metall\/wp-json\/wp\/v2\/pages\/6\/revisions\/1956"}],"wp:attachment":[{"href":"https:\/\/www.mader-apparatebau.de\/metall\/wp-json\/wp\/v2\/media?parent=6"}],"curies":[{"name":"wp","href":"https:\/\/api.w.org\/{rel}","templated":true}]}}